82552 - 703526 = -13*s + 955703. Is s prime?
True
Is 36/66 - 755385/(-33) a prime number?
False
Suppose 0 = -3*p + 4*v + 929051, 39*p - v + 929086 = 42*p. Is p a prime number?
False
Let j(h) = 1550*h**2 + 105*h + 688. Is j(-7) composite?
True
Let t = 747499 + -356421. Is t composite?
True
Let z be (-416)/3 - (-6 + (-19)/(-3)). Let m be z/(-2)*(-2 - (-3 - 3)). Let v = m - 115. Is v a prime number?
True
Let x = 1159610 - 812911. Is x a composite number?
False
Let h = -581 + 584. Suppose -2*l = h*l - 8635. Is l composite?
True
Let c(d) be the third derivative of d**6/30 - 7*d**5/60 + 5*d**4/12 - 2*d**3 - 19*d**2 - 21*d. Let m = 7 - 0. Is c(m) a prime number?
True
Let b(t) = 206*t + 258869. Is b(0) composite?
True
Let g(x) = -3*x**3 + 11*x + 744771. Is g(0) a prime number?
False
Let f = 18411 + 67718. Is f a composite number?
True
Suppose 2580501 = -2073*h + 2106*h. Is h a prime number?
False
Let y(i) = -19*i**3 - 13*i**2 - 27*i - 6. Let q be y(-6). Suppose -14519 = -n - q. Is n a composite number?
True
Let c = -6391 - -87792. Is c prime?
True
Let s(p) = -122126*p + 509. Is s(-7) a composite number?
False
Let h be (-14)/7*1*1056661/(-2). Is (-4)/18 - h/(-477) a composite number?
True
Suppose -4*v = 5*m - 1792, 2*v - 4*m - 582 = 314. Is 17/(-3 + v/148) a composite number?
True
Suppose -c = 2*r - 6220781, -10*r + 6*c - 3110429 = -11*r. Is r a composite number?
True
Let g(w) = -27*w + 1. Let z = 119 - 121. Is g(z) composite?
True
Let z(g) = 144*g**2 - 20*g - 17. Let w be 10*(-3 - (-20)/8). Is z(w) a prime number?
False
Suppose -717*n = -724*n + 22554. Let x = n - 2065. Is x a prime number?
False
Let h = 964661 + -656370. Is h a composite number?
False
Let h = -935067 + 3394768. Is h a composite number?
False
Is 35/(-14)*46*(-27928)/40 a prime number?
False
Suppose 5*a + 41 = -3*w, 5*w + 14 - 69 = 4*a. Let n(h) = -15*h - 12. Let j be n(a). Suppose 93 + j = 3*q. Is q a composite number?
True
Let c = -667 - -191. Let k = 2634 - 1481. Let h = c + k. Is h a composite number?
False
Let c(a) = 3320*a**2 + 55*a - 11. Is c(6) a composite number?
False
Let t(h) = -155*h - 14. Let k be t(-7). Let v = 3604 - k. Is v composite?
True
Let j(i) = 2*i**3 - 8*i**2 + 4*i + 6. Let c be j(5). Is 3 - (-2 - c) - 2 a prime number?
True
Let a(d) = -d**3 - d**2 + 3*d - 4358. Let o be a(0). Let j = 1427 + o. Is 6/(-4) - j/6 prime?
True
Suppose 2*t = -t - 10*t + 1206049. Is t composite?
True
Suppose -3*u - 4*y = -264418, -y - y + 352544 = 4*u. Suppose 40*v = 34*v + u. Is v a composite number?
True
Let v be 8 - 4 - (3 + 79 + -4). Is (38 - 9)*(0 - 1 - v) composite?
True
Is 748114/6 - (-1)/3*4 a composite number?
True
Let w = 6840 + 123929. Is w composite?
False
Let z = 15 + -17. Let b be 36*((-33)/(-18) - z/(-4)). Suppose -p - 4*j + 17 = 0, 3*j - 11 = -2*p + b. Is p a prime number?
True
Suppose -23*l + 12*l + 242770 = 0. Suppose -3726 - l = -2*h. Is h a composite number?
True
Let b(z) = 3*z**3 + 14*z**2 + 29*z - 1. Let l be b(-6). Let f = 12 - l. Is f a composite number?
False
Let s = -2983 - -5421. Let b(f) = -9*f**3 + f**2. Let l be b(-1). Suppose -8*q - s = -l*q. Is q prime?
False
Suppose -5*g + 1 = -5*j - 134, -g = 5*j - 3. Let m(l) = l**3 - 20*l**2 + 7*l - 19. Let n(q) = q**2 - 1. Let t(w) = m(w) - 3*n(w). Is t(g) composite?
True
Let h(m) = 35*m**2 + 12*m - 21. Let n = 72 - 65. Let a be h(n). Suppose 0 = -9*k - 5*k + a. Is k a prime number?
True
Suppose 733*s - 3157219 = 720*s. Is s a composite number?
False
Let v(j) = 785*j**2 - 4*j + 9. Let c be v(5). Suppose 4*w + c = 2*q, -q + 3*w + 9809 = -0*q. Is q composite?
False
Let w = 3486 + -329. Suppose 5*g + 6254 = 7*g + 4*n, -g = -4*n - w. Is g a prime number?
True
Is (-571422)/(-4) + (496/(-32) - -15) a composite number?
True
Let h(n) = 75*n**2 + 2. Suppose -9*b + 12*b - 9 = 0. Is h(b) composite?
False
Suppose 249*p - 2153296 = 233*p. Is p a prime number?
True
Let j(p) = p**3 - 19*p**2 + 21*p - 54. Let d be j(18). Suppose d = 4*q - 6*r + 8*r - 45978, -11522 = -q + 5*r. Is q a prime number?
True
Suppose 3*z - 12 = 0, 5*w = -5*z + z + 20006. Let t(c) = -c + 6. Let s be t(4). Suppose u = -o + 4*u + 1012, -4*o + s*u = -w. Is o a composite number?
False
Let n = 105 - 100. Suppose -n*c = 309 + 241. Let t = -17 - c. Is t a composite number?
True
Suppose -w + k = 2, 4*w - 2*k + 7 = 3*w. Let u be (-36)/(-30)*(-5)/(-3). Suppose u*t = 5*b + 1250, -7*b - 2524 = -4*t - w*b. Is t a prime number?
False
Let h(u) = -2*u - 31. Let y be h(-21). Suppose 0 = -2*p - 5 - y. Is (5 - p)/((-2)/(-14)) a prime number?
False
Suppose 0 = 5*f - 2*z - 6 - 0, -2*f = -z - 2. Suppose 0 = -3*c - 2*q + 72, -3*q + 64 = f*c - 7*q. Suppose c = -i + 2*a + 229, a - 993 = -5*i. Is i prime?
True
Let g(d) = 107*d + 9. Let m be 2 + 9/(45/170). Let o = m - 34. Is g(o) prime?
True
Suppose 0 = 5*o - 3*j + 1380, -5*o - 4*j = 213 + 1167. Let y = 463 + o. Is y composite?
True
Let f = -5651 - -14878. Is f prime?
True
Let b = -159032 - -332275. Is b composite?
True
Let g(q) be the third derivative of 23*q**4/6 + 25*q**3/6 + 73*q**2. Is g(9) composite?
False
Suppose 2*x = d - 3954, -7*d - 5*x = -5*d - 7881. Let o = d + 4091. Is o a composite number?
False
Suppose 22*k - 3503657 = -645615. Is k a prime number?
False
Let x = -5 + 7. Suppose 4*k + z - 17115 = -0*k, -2*k + 8556 = x*z. Is k a composite number?
True
Let z = -448 + 450. Is ((-1)/z)/(5/(-119530)) a prime number?
True
Suppose n + 4437 = 2*g + 2*g, -2*g + 2221 = -3*n. Let c = g + -628. Let o = 982 - c. Is o composite?
True
Suppose -7*a = -4*a + 5*u - 118, -2*a + 5*u + 62 = 0. Let z = a + -36. Suppose -5*b + 3*y + 2495 - 244 = 0, z = -4*b + 4*y + 1804. Is b a prime number?
True
Is 972048 - (-166)/(-249)*21/2 a composite number?
True
Let w(q) = 2*q**2 + 16*q - 8. Let r be w(-8). Let p be (r + -7)*(-2 - 10/(-6)). Suppose p*y - 362 - 443 = 0. Is y a prime number?
False
Suppose z = -3*q + 23384, -46205 - 24007 = -3*z + 3*q. Is z composite?
False
Suppose -10 = -5*y, -151*c + 149*c - 4*y + 126450 = 0. Is c a composite number?
True
Let u(r) = -r + 2. Let t be u(-1). Let w be 8 + (7 - t - 7). Suppose -1108 = -w*h + 147. Is h composite?
False
Let v be (-146)/(-12) + 4/(-24). Let i(n) = 343*n - 7. Is i(v) composite?
True
Suppose 2*r + 4*o - 1310 = 0, 0 = -r + 2*r - 2*o - 671. Let t = -450 + r. Is t a prime number?
False
Suppose 244*p = 408*p - 50349476. Is p a composite number?
False
Let w = 2427 + -608. Suppose -377 + w = 14*t. Is t a composite number?
False
Is 1/4 + 6680674/88 a prime number?
False
Suppose -4*z = n - 7, -4*n + 1 - 11 = -3*z. Is n + 213140/22 + 138/(-759) composite?
True
Suppose 3 = -10*n + 7*n, s + 3*n - 5 = 0. Let r(t) = t**2 - 9*t + 15. Let w be r(s). Is (-1 - -3)/(w/(28707/6)) prime?
True
Suppose -3*h = 2*r + 3469, -r - 13*h + 15*h - 1752 = 0. Let y(v) = 665*v**2 + v + 1. Let b be y(2). Let t = b + r. Is t a composite number?
True
Suppose 58649 = o + 4*r + 14290, -4*o - 5*r + 177414 = 0. Is o prime?
True
Suppose 5*c = 2*n + 842041, -2*c + 7*n - 8*n = -336820. Is c prime?
True
Let g(i) = 2*i**2 - i + 16. Let q be (-3 - 8/(-12))/((-2)/(-6)). Let v be g(q). Let z = v - -100. Is z composite?
True
Let q(r) = 223*r - 258. Is q(25) a prime number?
False
Let m(w) = 29*w**2 - 5*w + 28. Let z be m(10). Suppose -5*h - z = 3*q, 2*h + q + 1726 = -h. Let s = 276 - h. Is s prime?
False
Suppose 0 = 46*u - 43*u - 36666. Suppose 5*p - u = -13*p. Is p prime?
False
Suppose -4*d = 4*i - 1 + 5, 5*i - 5*d = 45. Suppose 0 = -0*t + i*t - 4*h - 16, -h - 2 = 0. Is -1874*t*5/(-20) composite?
False
Suppose 496*s - 12510144 - 15362576 = 0. Is s a composite number?
True
Let a(z) = z**3 + 9*z**2 + 7*z - 4. Let v be a(-8). Suppose 23 = -4*t + 23. Suppose v*o + o - 2095 = t. Is o a composite number?
False
Let c(r) = r + 5. Let i be c(6). Suppose 0 = 3*q + i + 1, 3*q + 1628 = 4*a. Let g = a - -63. Is g composite?
False
Let l = 731 - 1103. Let g = 791 + l. Is g prime?
True
Let t(s) = 5*s - 7. Let n be t(2). Suppose 3*v = -n*v + 4146. Is (v/(-2))/((-4)/8) prime?
True
Let d = 3869 - 1524. Suppose -d = 2*h - 9*h. Is h prime?
False
Suppose -11*c + 12*c - 9 = -2*b, -2*c + 16 = 2*b. Suppose -39443 = -c*z + 29430. Is z a composite number?
False
Suppose -6*i + 735993 = -703569. Is i a composite number?
True
Suppose -200850942 = -390*c + 293790348. Is